y(h) = 2*h**2 - 6*h + 1. Calculate y(v).
9
Let i(v) = 24 + 25 - 52 - 3*v. What is i(-5)?
12
Let i(q) be the third derivative of -q**4/12 + 23*q**3/3 - 28*q**2. Let f(g) = g - 22. Let u(j) = -13*f(j) - 6*i(j). Determine u(11).
-1
Suppose -7 = -5*f + 3. Let t(g) = 3 + 2*g + 0*g**f - 4 - 2*g**2 - g**3. Determine t(-2).
-5
Let m(k) = k + 1. Let i(a) = -30*a - 25. Let z(d) = i(d) + 25*m(d). Let l = -454 + 452. What is z(l)?
10
Let i(z) = -z + 7*z**2 + 6*z**3 - 3*z**3 - 9*z**2. Let j be i(-1). Let w(u) = -2*u - 3. Give w(j).
5
Let n(z) = -z**2 + 10*z. Let h(j) = 3*j**2 - 21*j. Suppose -31 + 7 = 4*c + 4*m, 4*c - 3*m = -17. Let k(i) = c*n(i) - 2*h(i). Give k(-6).
12
Let h(m) = 2*m**2 - m. Let v(d) = d**3 + 12*d**2 - 10*d + 3. Let g(c) = 4*h(c) - v(c). Let k be -10*(0 + 3/6). Determine g(k).
-8
Let z(c) = -5*c**3 - 3*c**2 + 5*c + 15. Let m(b) = -14*b**3 - 8*b**2 + 14*b + 44. Let o(f) = 4*m(f) - 11*z(f). Give o(0).
11
Let k(p) be the first derivative of p**3/3 + p**2 - 78. Give k(0).
0
Let z(s) = 8*s**3 + 4*s**2 + 5*s + 1. Let g(l) = -25*l**3 - 11*l**2 - 14*l - 3. Let i(k) = -4*g(k) - 11*z(k). Let a = -1009 + 1008. Calculate i(a).
-12
Let v(b) be the third derivative of b**5/60 + b**4/24 - b**3/3 - 65*b**2. Determine v(5).
28
Let g(u) = -4*u**3 + 2*u**2 + 5*u - 7. Let d(k) = -k**3 - k**2 - k - 1. Suppose -8*s + 6 = -6*s. Let n(z) = s*d(z) - g(z). Give n(6).
-8
Let v be 3 + -1 + (-8 - -6). Suppose b - 24 + 16 = v. Let f(l) = -l**2 + 7*l + 4. Give f(b).
-4
Let b(c) be the second derivative of c**3/3 + 9*c**2/2 - 3*c - 8. Calculate b(-6).
-3
Let f be (-2 - 5) + (-1 - 2). Let b = f - -13. Let t be 4/(-9)*b*-3. Let h(i) = -2*i - 3. Calculate h(t).
-11
Suppose -l = -0*l - 6. Let t(f) = -34*f**3 - 7*f**2 + 4*f + 15. Let g(u) = 29*u**3 + 7*u**2 - 4*u - 14. Let n(q) = 7*g(q) + 6*t(q). Give n(l).
4
Let r(v) = v**3 + 5*v**2 + 4*v + 5. Suppose -w = 2*h - 28, 0 = 3*h + 2*w - 26 - 15. Suppose -4*j - 1 = h. Give r(j).
5
Let y(t) = t**2 + 15*t + 15. Suppose -145*o + 121*o = 288. What is y(o)?
-21
Let i(w) = 2*w**2 - 14*w - 4. Let r(c) = -c**2 + 7*c + 2. Let p be -2 - (-7)/2 - 26/4. Let h(v) = p*r(v) - 2*i(v). Determine h(7).
-2
Let s(a) = -13*a - 7. Let g be s(-1). Let n(d) = -d**2 - d + 2. What is n(g)?
-40
Suppose -10*x = -8*x. Let f(r) = -7*r**3 - 14. Let k(u) = u**3 + 1. Let s(n) = f(n) + 6*k(n). Calculate s(x).
-8
Let g(t) = 16*t - 6. Let v(h) = 14*h - 8. Let c(b) = -5*g(b) + 6*v(b). What is c(5)?
2
Let h(a) = -8*a + 2. Let v = -411 + 408. Give h(v).
26
Let q(a) = -a**3 + 12*a**2 + 14*a - 27. Let s be q(13). Let u = 19 + s. Let c(k) be the second derivative of k**3/6 - 9*k**2/2 + k. Calculate c(u).
-4
Let v(i) be the first derivative of -i**5/20 - i**4/2 - i**3/3 + 5*i**2/2 - 18*i - 53. Let z(c) be the first derivative of v(c). What is z(-4)?
-19
Let v(f) = 59*f + 61*f + 5 - 1 - 2*f**2 + f**3 - 123*f. What is v(3)?
4
Suppose 3*n + 3*m - 6*m - 483 = 0, -9 = 3*m. Let r(b) = -3*b**2 - b**2 + 3*b**2 + n - 156. Determine r(-2).
-2
Let v(z) be the first derivative of 1/120*z**5 - 2/3*z**3 + 0*z + 0*z**2 - 1/8*z**4 + 2. Let n(q) be the third derivative of v(q). Determine n(-4).
-7
Let s = -593 - -598. Let q(b) = b**3 - 7*b**2 + 5*b - 6. Give q(s).
-31
Let b(j) be the third derivative of j**5/30 - j**4/8 - 2*j**3/3 - j**2 + 274*j. Give b(5).
31
Let f(y) = 2*y - 447 + y**2 - 467 + 913. Calculate f(6).
47
Let m(b) = -5 - 3*b - 6*b + 18*b - b**2. Suppose 4*c + 12 = -4*a + 4, -c + 28 = -5*a. Suppose -c*j + 24 = j. Determine m(j).
13
Let p(k) be the third derivative of k**6/120 + k**5/20 - k**4/6 - 5*k**3/6 - 29*k**2. Determine p(-4).
-5
Suppose 0 = 4*t - 0*t. Suppose 2*p = 3*f - 1 - 19, 4*f - 5*p - 36 = t. Suppose -h + 23 = d + f*d, 0 = -2*d + 3*h - 1. Let b(x) = 4*x - 4. Determine b(d).
12
Let d = -27 + 30. Let g(a) = 6*a**3 + 5 + a**d - 6. Give g(1).
6
Let k(z) = 5*z**3 + 6*z**2 + 1. Let u(p) = -p**3 - p**2 - p. Let t(l) = k(l) + 4*u(l). What is t(-3)?
4
Let f be (115/(-46))/(1/(-2)). Suppose -g = p + f - 17, -5*g + 11 = -2*p. Let i(z) = -z**2 + 6*z + 2. Determine i(p).
-5
Let l(x) = x**2 + 5*x - 6. Suppose 5*b - 6*d + 10*d + 38 = 0, 5*d + 40 = -5*b. Give l(b).
0
Let i(s) = -6*s + 3. Let f(z) = -2*z + 1. Let j(h) = -14*f(h) + 4*i(h). Determine j(-7).
-30
Suppose -8*o + 165 = 141. Let x(a) be the second derivative of 0 - 2/3*a**o - 2*a + 2*a**2 + 1/12*a**4. What is x(3)?
1
Let q = 81 - 27. Let r(o) = 104 - o**2 - q - 59. Calculate r(0).
-9
Let r be ((-12)/(-9))/((-8)/(-6)). Let o(t) = -16*t - r + 4*t + 18*t. Determine o(1).
5
Suppose -4*g - 354 = 4*x + 218, g + 155 = 3*x. Let k = g + 138. Let t(r) = 2*r + 11. Calculate t(k).
-5
Let s(v) be the third derivative of 0*v + 1/6*v**3 + 3*v**2 + 0 + 1/24*v**4. Suppose -p - 1 = 0, -3*x + 5*p + 3 = -14. Determine s(x).
5
Let u(g) be the second derivative of -g**3/6 - 7*g**2/2 - 348*g. Calculate u(-7).
0
Let p(x) = 3*x - 10*x**2 + 0*x + 0 - 2 - x**3 + 0*x + 12*x**2. Let j = 6 + -8. Let l = 5 + j. Calculate p(l).
-2
Suppose 0 = -6*z + 3*z + 15. Let v(p) be the third derivative of p**3 + 0*p - 1/4*p**4 - 1/20*p**z + 1/120*p**6 + 0 - 3*p**2. Give v(4).
-2
Let b(s) = s. Suppose -8 = -4*r - 4*j, -2*r - 4*j + 4 + 2 = 0. Let a(x) = -7*x - 1. Let q(c) = r*a(c) - 4*b(c). What is q(-1)?
10
Suppose -8 - 7 = -5*c. Let a(d) be the second derivative of -1/2*d**3 + 0*d**2 - 8*d + 0. Calculate a(c).
-9
Let g(l) = -l - 15. Let a be g(-9). Let p be (-2)/a - (0 - 2/3). Let q(c) = -15*c**2 - c. Calculate q(p).
-16
Let j be (-6)/(4 - 10)*-7. Let r(v) = -v**3 - 8*v**2 - 8*v - 7. Give r(j).
0
Let l(w) be the second derivative of w**4/12 + 2*w**3/3 - 7*w**2/2 + w. Let o(z) = 5*z**2 - 27*z - 62. Let v be o(7). Determine l(v).
5
Let r(f) = f**2 - 14*f + 10. Let k be r(13). Let x(q) = -q**3 - 7*q**2 - 3*q - 1. Give x(k).
-28
Let r(l) = 4*l**3 + 6*l**2 - 4*l - 6. Let z(a) = 5*a**3 + 5*a**2 - 2*a - 6. Let o(d) = 4*r(d) - 3*z(d). Calculate o(-10).
-6
Let a = 14 - 12. Suppose -a*t - 2*t + 3*k = -25, -k + 5 = 0. Let y(j) = -8*j**2 - t - 5*j**3 - 12*j + 4*j + 4*j**3. What is y(-7)?
-3
Let t = 35 + -32. Let z(r) = -2 - t + r + 4 + 4. Give z(-5).
-2
Let m(t) be the third derivative of -t**5/60 - 5*t**4/12 + 2*t**3/3 + 118*t**2. Calculate m(-7).
25
Let z(l) = 8*l**2 - l + 1. Let q be ((-2)/(-4) + 1/2)/1. Give z(q).
8
Suppose 0*a - 2*o = 4*a + 6, 2*o + 9 = -5*a. Let p(q) = -7*q**2 + q + 7. Let g(w) = 9*w**2 - 8. Let j(f) = 4*g(f) + 5*p(f). Determine j(a).
-3
Let o(z) = z**2 + 3 + 3 - 5 + z - 6. What is o(-4)?
7
Let n(d) be the second derivative of -d**4/3 - d**3/3 + d**2/2 - 8*d - 36. Calculate n(-2).
-11
Let m be (-121)/(-44) - 1/(-4). Let s(n) = 6 - 7*n - 4*n**2 + n**m + 3*n - 1. Determine s(5).
10
Let p(h) = -4*h**3 + 2*h**2 - 2*h + 1. Let k = 602 + -601. Determine p(k).
-3
Let i(r) = -r - 1. Let w be ((-63)/(-35))/((-3)/(-10)). Suppose 9*u = w*u + 24. Suppose -2*o = u, 0*h = -5*h + 5*o + 50. Determine i(h).
-7
Let q be (16/(-24) + -1)*36/(-10). Let m(d) = -d**2 + 4*d - 4. Give m(q).
-16
Let c(s) = -13*s - 1. Let h(m) = -m**3 + m**2 + 9*m - 10. Let w be h(1). Give c(w).
12
Suppose q + 6*h = h + 49, -3*q + 47 = -5*h. Let r = -24 + q. Let i(g) be the second derivative of g**4/12 - 3*g**2 + 2*g. Calculate i(r).
-6
Let v(n) = 1048*n + 1054*n + 3*n**2 + 1 - 2116*n. Calculate v(4).
-7
Let p(v) = v**3 - 7*v**2 - 2*v - 13. Let i(q) = 3*q**3 - 21*q**2 - 6*q - 38. Let l(j) = 6*i(j) - 17*p(j). Determine l(8).
41
Let w = 185 + -178. Let y(v) = -5*v - 10. Let z(x) = x - 1. Let o(f) = y(f) + 6*z(f). Determine o(w).
-9
Let q(i) = 3*i**3 + 4*i**2 + 2*i. Suppose 27 + 5 = 8*u. Let x(s) = 4*s**3 + 5*s**2 + 2*s. Let g(r) = u*x(r) - 5*q(r). What is g(-2)?
-4
Suppose 15 = 5*v, 4*o - 2*v - 4 = 10. Let f(g) = g - 5. Calculate f(o).
0
Let n(s) be the second derivative of s**5/120 - s**4/12 - s**3/3 - 18*s. Let p(h) be the second derivative of n(h). Determine p(8).
6
Suppose -22*j + 8*j = -14. Let r(l) = -13*l**2 - 5*l + 4. Let w(y) = -27*y**2 - 9*y + 7. Let z(x) = 5*r(x) - 3*w(x). Determine z(j).
17
Let v be (0/(-1 + -1))/(-2) - -3. Let s(p) = 15*p**3 + 3 + 0 - 14*p**v + 4*p**2 + 3*p. Calculate s(-4).
-9
Let w(a) = -2 - 8*a + 4*a + 4 - 6 - 16. Determine w(-6).
4
Let n be 2/(-2) + (-132)/(-11). Let z(j) = -j**2 + 8*j + 32. What is z(n)?
-1
Let t(v) = v**3 - v**2 - 6*v - 1. Let b(z) = -z**